 (3 - 5). Let k be f(g). Is (-5 + 1)/(k/7) a prime number?
False
Let y(s) = -s. Let m(d) = 44*d - 10. Let z(g) = m(g) + 4*y(g). Let b be z(-7). Is ((-2)/(-4))/((-1)/b) a composite number?
True
Let v(c) = -c**3 - 8*c**2 - 10*c - 10. Suppose 6 = 5*p - 19. Let i = -2 - p. Is v(i) prime?
True
Let j(p) = 10*p**3 - 3*p**2 + 5*p - 7. Is j(3) a prime number?
True
Let p = 2717 - 1895. Let m be 2/(-4) + p/12. Let n = 189 - m. Is n a prime number?
False
Let d be (-2 - -1)*(-561 - 1). Suppose d + 152 = 2*g. Suppose 3*c = 5*w - 400, -w = 3*w + 5*c - g. Is w composite?
False
Let f = 473 - -54. Is f a prime number?
False
Let j(o) = -o**2 + 10*o + 13. Let c be j(11). Is 6276/30 + c/(-10) a prime number?
False
Let g(s) = -32*s - 1. Suppose 5*d = -1 - 4. Is g(d) prime?
True
Is (-4)/(4/(-1))*47 prime?
True
Suppose 3591 + 1969 = 8*r. Is r composite?
True
Suppose 4*g - 9 = 11. Suppose -g*x + 0*x = -70. Is x composite?
True
Suppose 7*u - 8 = 3*u, -1451 = -3*h + 5*u. Is h prime?
True
Suppose -4*o + 4 + 1 = 3*h, -4*o = 4. Let t(s) = -38*s**2 - 2*s - 2. Let w be t(-2). Is -3*(w/9 - h) prime?
True
Is (-2)/(-60)*6 - (-67688)/10 a prime number?
False
Let d = -4 - -6. Let j = d - 0. Suppose -j*b = 2*b - 276. Is b a composite number?
True
Let p = 193 - -50. Suppose 0 = 3*d - 3*f - 360, d - f - p = -d. Is d composite?
True
Suppose 0 = 6*h - 5*h + 2. Is 10*3*h/(-6) a prime number?
False
Suppose 3*o = 8*o - 3150. Suppose 2*n - o + 136 = 0. Is n prime?
False
Suppose -d + 14 + 60 = 0. Is d a composite number?
True
Let j(u) = -u**2 - 6*u + 2. Let l be j(-6). Let y = l - 2. Suppose 2*w - 2*g = 33 + 3, y = -4*g - 12. Is w a composite number?
True
Let j = -96 + 203. Let p = j + -54. Is p composite?
False
Let f(q) = q + 9. Let t be f(-5). Suppose -4*h - 2*l - 1214 = -3372, -3*l + 2155 = t*h. Is h prime?
True
Let p = -3 + 5. Let b = -1 - -1. Suppose 2*k - 5*k = 2*d - 106, 2*d + p*k - 102 = b. Is d a composite number?
False
Let o(v) = 4*v**3 + 2*v**2 + 2*v - 5. Let c(w) = -w**2 + 13*w - 9. Let s be c(12). Is o(s) prime?
True
Let t(o) = -3*o - 1. Let m be t(1). Let p = 1 - m. Suppose j - 51 = 3*i, 0*j + i = p*j - 255. Is j composite?
True
Is ((-7796)/(-6))/(26/39) composite?
False
Suppose -k - k - 242 = 0. Let s = k + 276. Is s a prime number?
False
Let m be 205/5 + (0 - 3). Let y = m + -15. Is y composite?
False
Let b(s) be the first derivative of 17*s**3 - 5*s**2/2 - 3*s - 7. Is b(-2) prime?
True
Suppose q = -3*b + 3, 0*b - 4*b + 4 = -3*q. Suppose q = -i + 4*i - 309. Is i prime?
True
Let l be 37 + 0 + (1 - 0). Suppose -4*p = -2*p - l. Is p a prime number?
True
Suppose 0 = 2*t + 129 - 563. Is t composite?
True
Let d = 3033 - 1765. Suppose -5*m + 327 + d = 0. Is m prime?
False
Suppose -4*w + 272 = -1248. Suppose 0*r = 4*r - w. Is r composite?
True
Let f(i) = -i - 1. Let k be f(5). Is (895/(-15))/(2/k) prime?
True
Let o(k) = -k - 5. Let b be o(-9). Suppose 0*l - b = l. Is (-488)/(-16) - 2/l prime?
True
Let t be (2/2)/(2/22). Suppose -134 + t = -m. Is m a composite number?
True
Suppose 590 = 2*t - r, -r + 5*r = 0. Is t prime?
False
Suppose d = 2*d - 4. Let r(g) = 12*g + 5. Is r(d) a prime number?
True
Suppose 0 = -2*a - 3*g + 47, 3*a - 38 = -2*g + 45. Is a a composite number?
False
Let g(l) = 2*l**3 + 5*l**2 + 7*l - 18. Is g(4) a prime number?
False
Suppose -3*w = -l - 4, -2 = w - 4. Suppose -l*u + 7*u - 715 = 0. Suppose 4*i - u = -11. Is i a prime number?
False
Let g(i) be the second derivative of i**6/360 - i**4/8 - i**3/6 - 4*i. Let q(h) be the second derivative of g(h). Is q(5) prime?
False
Let q(n) = -n**3 + 9*n**2 + 6*n - 3. Is q(8) a composite number?
False
Suppose -u - 1 + 13 = -j, 0 = -j + 2*u - 16. Is (-801)/(-12) - 2/j a prime number?
True
Suppose -8*x + 4*x + 4*j = 0, j = -x + 10. Suppose 148 = x*q - q. Is q composite?
False
Let d = -9 - -10. Is 7 - -150 - 0/d composite?
False
Let g be 1*57 + -5 + 3. Let k = g - 36. Is k prime?
True
Let j(u) = -50*u - 3. Let a(m) = 33*m + 2. Let z(o) = -8*a(o) - 5*j(o). Is z(-6) prime?
True
Suppose -f + 2 - 8 = 0. Let j be (-8)/f*(-6)/4. Is (-25 - j - -2)*-1 a composite number?
True
Suppose 0 = -3*z - 2*z + 1675. Is z composite?
True
Suppose 7*h - 917 = -0*h. Is h a composite number?
False
Let j(v) = 1 + 6*v + 4*v - 4. Let x = 2 - -2. Is j(x) a prime number?
True
Let f be (-4 + 5)/((-1)/(-7)). Suppose m - o = f, -m - 21 = 4*o - 3. Suppose -z + 2*l + 2*l = 11, 4*z - 46 = -m*l. Is z a composite number?
True
Let r be (-28)/(-3)*30/4. Suppose 0 = -j - 2*v + 3, -3 = 3*j + v - 12. Suppose -j*o = -o - r. Is o composite?
True
Let y(m) be the third derivative of m**5/10 - m**4/24 + m**3/3 + 5*m**2. Is y(3) a composite number?
False
Suppose -4*a + 3*v + 145 = -0*v, 2*a + v = 75. Is a composite?
False
Let u be (-138)/(-9) + 4/6. Let s be (-2)/(2 + u/(-7)). Suppose -s*a + 36 = -3*a. Is a prime?
False
Suppose -4*o + 3*j - 9 = 0, -7 = 3*o - 3*j + 2. Suppose 0 = -o*d - 2*d - 4. Is d/1*(-53)/2 a prime number?
True
Let z = 4 + -1. Let h be 0*3*z/27. Suppose b - 15 - 22 = h. Is b a composite number?
False
Let f(j) = 441*j - 29. Is f(4) a composite number?
True
Suppose -5*b = -7*b + 426. Is b a composite number?
True
Suppose 5*u = u + 72. Suppose 3*n = -z + 2*n + 12, u = 4*z - 2*n. Is z a prime number?
True
Let j(s) = -s**3 + 10*s**2 - 9*s + 5. Let u be j(9). Suppose 0 = -u*p + 2 + 23. Let q(k) = 9*k**2 + 7*k - 3. Is q(p) prime?
True
Let y be (-3 - -2)*(-2)/(-2). Is 4/(-2) - (-86 - y) composite?
False
Let j(t) = -t**3 + 2*t**2 + t + 11. Is j(-7) composite?
True
Suppose -4*g + 26 = 2*z, 2*g - g + 3*z - 19 = 0. Suppose 2*n = g*n - 4. Suppose f = 3*o - 175, 2*o - 236 = -n*o + 4*f. Is o a prime number?
False
Let k(i) = -i**3 + 8*i**2 - 3*i + 4. Let y be k(3). Let h = y - 8. Let l = 45 - h. Is l prime?
True
Let k(b) = 29*b + 19. Is k(8) prime?
True
Let m(z) = -z**2 + 8*z - 5. Let g be m(6). Let h = g + 46. Is h a composite number?
False
Suppose -40 = -l - 3*r - 2*r, -5*l = 4*r - 284. Suppose -3 + 7 = 2*k. Suppose -k*i - 30 = -4*i + 3*z, z + l = 4*i. Is i a prime number?
False
Is -2 + 3 + -4 - -1259 - 1 prime?
False
Is (-4161)/(-2) + (-20)/8 prime?
False
Let w be 1/4 - (-38)/8. Let r be -5 - (w + -2 + -3). Let z(k) = -17*k + 4. Is z(r) a prime number?
True
Suppose -3*d - 3*v + 26 = -1, 3*d = 5*v - 13. Suppose -44 - 40 = -d*w. Let s = w + 14. Is s composite?
True
Let w(v) = -v**3 + 9*v**2 + 3*v - 6. Is w(9) composite?
True
Suppose -5*x - 2*l = 6, 4 = -3*x + 4*l + 16. Let b(j) = j + 3. Let m be b(x). Suppose -2*a = m*f - 155, -f + 2*f + 3*a = 47. Is f a composite number?
False
Is -79*((-2 - 2) + 3) a composite number?
False
Suppose -c + 2*d + 2 = -70, -4*d = 4*c - 288. Suppose r = c + 145. Is r a composite number?
True
Let k be (-2)/(-18)*6*-3. Is ((-790)/(-20))/((-1)/k) composite?
False
Suppose w + 5*g = 248, 4*w - g - 441 = 2*w. Is w composite?
False
Suppose -q = -3*o - 13, q - 2*o = -4*o + 33. Let k = 64 + q. Let p = k + -4. Is p a composite number?
True
Let m(d) = d**3 + 7*d**2 - d + 1. Let l be 1 - (2 - -2 - -2). Let p be m(l). Suppose -b + 16 = 3*j, 0 = 4*b + j + 3*j - p. Is b prime?
True
Let d = 40 - -22. Suppose 4*g = d + 38. Is g composite?
True
Suppose y = 5*s - 20, y - 4 = -3*s + 2*s. Suppose 5*z - 2*z = -4*x - 22, z + 6 = -x. Let u = s - z. Is u a prime number?
False
Let w(o) be the first derivative of -o**4/2 - 4*o**3/3 + 2*o**2 + 3*o - 3. Is w(-4) composite?
True
Let o = -948 - -1745. Is o prime?
True
Suppose 0 = 2*s + 4*u + 376, -2*u = 6*s - 2*s + 758. Let t = -109 - s. Suppose t = 3*l - 21. Is l a composite number?
True
Let r(h) = 233*h**2 - 4*h + 4. Is r(1) a composite number?
False
Suppose -n - 4*n - 758 = -2*j, 4*j = n + 1552. Let k = -278 + j. Is k a composite number?
True
Let g = 106 - 30. Suppose 0 = 4*r - g - 144. Is r prime?
False
Let b(c) = -2*c**2 + 2. Let s be b(2). Let u(r) = -4*r - 9. Is u(s) composite?
True
Let f(g) = -g**2 - 13*g - 12. Let j be f(-12). Is (-2 + 3 - j)*115 a composite number?
True
Suppose -3*v = v - 5*s - 4, 4*v + s - 4 = 0. Let l = -44 - -43. Is 1*(-58)/v*l a composite number?
True
Let p = 3 - 4. Let d = p - -3. Suppose -5*n + 288 = -q, -d*n + 108 = -6*q + 2*q. Is n composite?
True
Suppose 0 = 3*y + 4*q - 170, 268 = 4*y + 2*q - 7*q. Suppose 2*o = y - 10. Is o a prime number?
False
Let u be 9/(-6) + 6/(-4). Let q be 1